{"id":151,"date":"2017-12-22T02:43:42","date_gmt":"2017-12-22T02:43:42","guid":{"rendered":"http:\/\/local.lusol.com.uy.vfct17011.avnam.net\/?post_type=product&#038;p=151"},"modified":"2023-05-24T19:24:04","modified_gmt":"2023-05-24T22:24:04","slug":"protector-de-maderas","status":"publish","type":"product","link":"https:\/\/lusol.wunapps.com\/index.php\/producto\/protector-de-maderas\/","title":{"rendered":"Protector de Maderas"},"content":{"rendered":"","protected":false},"excerpt":{"rendered":"<h2><span style=\"color: #794e2f;\"><strong>PROTECTOR DE MADERAS<\/strong><\/span><\/h2>\n<ul>\n<li>Protege y realza la belleza natural de la madera<\/li>\n<li>\u00d3ptima resistencia a la intemperie<\/li>\n<li>Uso interior y exterior<\/li>\n<li>Reflecta la radiaci\u00f3n U.V.<\/li>\n<\/ul>\n<p>Impregnante ideal para el tratamiento de todo tipo de carpinter\u00eda de exterior e interior.\u00a0Recomendado para\u00a0aberturas, cercas, marcos, tiranter\u00eda, muebles, etc. Se utiliza como\u00a0\u00fanico producto. No genera pel\u00edcula, penetra en la madera con acci\u00f3n\u00a0fungicida y bactericida reflejando los rayos UV y evitando la\u00a0decoloraci\u00f3n y rajaduras en la madera.<\/p>\n<p><img loading=\"lazy\" decoding=\"async\" class=\"alignnone wp-image-216\" src=\"https:\/\/lusol.wunapps.com\/wp-content\/uploads\/2017\/12\/colores_protector-de-maderas.png\" alt=\"\" width=\"559\" height=\"124\" \/><\/p>\n<table class=\"aligncenter\">\n<tbody>\n<tr>\n<th style=\"text-align: center;\">Rendimiento<\/th>\n<th>Secado<\/th>\n<th>Acabado<\/th>\n<\/tr>\n<tr>\n<td>14 a 16m2<br \/>\n(por litro y por mano)<\/td>\n<td>1 hora<br \/>\nRepintado a las 3 horas<\/td>\n<td>Satinado<\/td>\n<\/tr>\n<\/tbody>\n<\/table>\n<p><a class=\"btn btn-dark\" href=\"https:\/\/lusol.wunapps.com\/wp-content\/uploads\/2017\/12\/FICHA-TECNICA-LUSOL_PROTECTOR-DE-MADERAS.pdf\" target=\"_blank\" rel=\"noopener\">Ver ficha t\u00e9cnica<\/a><\/p>\n<p>&nbsp;<\/p>\n","protected":false},"featured_media":43,"template":"","meta":{"_acf_changed":false},"product_brand":[],"product_cat":[20],"product_tag":[],"class_list":{"0":"post-151","1":"product","2":"type-product","3":"status-publish","4":"has-post-thumbnail","6":"product_cat-productos-para-maderas-lusol","8":"first","9":"instock","10":"shipping-taxable","11":"product-type-simple"},"acf":[],"yoast_head":"<!-- This site is optimized with the Yoast SEO plugin v26.5 - https:\/\/yoast.com\/wordpress\/plugins\/seo\/ -->\n<title>Protector de Maderas - Lusol<\/title>\n<meta name=\"robots\" content=\"index, follow, max-snippet:-1, max-image-preview:large, max-video-preview:-1\" \/>\n<link rel=\"canonical\" href=\"https:\/\/lusol.wunapps.com\/index.php\/producto\/protector-de-maderas\/\" \/>\n<meta property=\"og:locale\" content=\"es_ES\" \/>\n<meta property=\"og:type\" content=\"article\" \/>\n<meta property=\"og:title\" content=\"Protector de Maderas - Lusol\" \/>\n<meta property=\"og:description\" content=\"PROTECTOR DE MADERAS   Protege y realza la belleza natural de la madera  \u00d3ptima resistencia a la intemperie  Uso interior y exterior  Reflecta la radiaci\u00f3n U.V.  Impregnante ideal para el tratamiento de todo tipo de carpinter\u00eda de exterior e interior.\u00a0Recomendado para\u00a0aberturas, cercas, marcos, tiranter\u00eda, muebles, etc. Se utiliza como\u00a0\u00fanico producto. No genera pel\u00edcula, penetra en la madera con acci\u00f3n\u00a0fungicida y bactericida reflejando los rayos UV y evitando la\u00a0decoloraci\u00f3n y rajaduras en la madera.      Rendimiento Secado Acabado   14 a 16m2 (por litro y por mano) 1 hora Repintado a las 3 horas Satinado    Ver ficha t\u00e9cnica  &nbsp;\" \/>\n<meta property=\"og:url\" content=\"https:\/\/lusol.wunapps.com\/index.php\/producto\/protector-de-maderas\/\" \/>\n<meta property=\"og:site_name\" content=\"LUSOL Pinturas\" \/>\n<meta property=\"article:modified_time\" content=\"2023-05-24T22:24:04+00:00\" \/>\n<meta property=\"og:image\" content=\"https:\/\/lusol.wunapps.com\/wp-content\/uploads\/2017\/12\/LUSOL-Protector-de-maderas-scaled.png\" \/>\n\t<meta property=\"og:image:width\" content=\"2334\" \/>\n\t<meta property=\"og:image:height\" content=\"2560\" \/>\n\t<meta property=\"og:image:type\" content=\"image\/png\" \/>\n<meta name=\"twitter:card\" content=\"summary_large_image\" \/>\n<script type=\"application\/ld+json\" class=\"yoast-schema-graph\">{\"@context\":\"https:\/\/schema.org\",\"@graph\":[{\"@type\":\"WebPage\",\"@id\":\"https:\/\/lusol.wunapps.com\/index.php\/producto\/protector-de-maderas\/\",\"url\":\"https:\/\/lusol.wunapps.com\/index.php\/producto\/protector-de-maderas\/\",\"name\":\"Protector de Maderas - Lusol\",\"isPartOf\":{\"@id\":\"https:\/\/lusol.wunapps.com\/#website\"},\"primaryImageOfPage\":{\"@id\":\"https:\/\/lusol.wunapps.com\/index.php\/producto\/protector-de-maderas\/#primaryimage\"},\"image\":{\"@id\":\"https:\/\/lusol.wunapps.com\/index.php\/producto\/protector-de-maderas\/#primaryimage\"},\"thumbnailUrl\":\"https:\/\/lusol.wunapps.com\/wp-content\/uploads\/2017\/12\/LUSOL-Protector-de-maderas-scaled.png\",\"datePublished\":\"2017-12-22T02:43:42+00:00\",\"dateModified\":\"2023-05-24T22:24:04+00:00\",\"breadcrumb\":{\"@id\":\"https:\/\/lusol.wunapps.com\/index.php\/producto\/protector-de-maderas\/#breadcrumb\"},\"inLanguage\":\"es\",\"potentialAction\":[{\"@type\":\"ReadAction\",\"target\":[\"https:\/\/lusol.wunapps.com\/index.php\/producto\/protector-de-maderas\/\"]}]},{\"@type\":\"ImageObject\",\"inLanguage\":\"es\",\"@id\":\"https:\/\/lusol.wunapps.com\/index.php\/producto\/protector-de-maderas\/#primaryimage\",\"url\":\"https:\/\/lusol.wunapps.com\/wp-content\/uploads\/2017\/12\/LUSOL-Protector-de-maderas-scaled.png\",\"contentUrl\":\"https:\/\/lusol.wunapps.com\/wp-content\/uploads\/2017\/12\/LUSOL-Protector-de-maderas-scaled.png\",\"width\":2334,\"height\":2560},{\"@type\":\"BreadcrumbList\",\"@id\":\"https:\/\/lusol.wunapps.com\/index.php\/producto\/protector-de-maderas\/#breadcrumb\",\"itemListElement\":[{\"@type\":\"ListItem\",\"position\":1,\"name\":\"Portada\",\"item\":\"https:\/\/lusol.wunapps.com\/\"},{\"@type\":\"ListItem\",\"position\":2,\"name\":\"LUSOL Pinturas\",\"item\":\"https:\/\/lusol.wunapps.com\/\"},{\"@type\":\"ListItem\",\"position\":3,\"name\":\"Protector de Maderas\"}]},{\"@type\":\"WebSite\",\"@id\":\"https:\/\/lusol.wunapps.com\/#website\",\"url\":\"https:\/\/lusol.wunapps.com\/\",\"name\":\"LUSOL Pinturas\",\"description\":\"\",\"potentialAction\":[{\"@type\":\"SearchAction\",\"target\":{\"@type\":\"EntryPoint\",\"urlTemplate\":\"https:\/\/lusol.wunapps.com\/?s={search_term_string}\"},\"query-input\":{\"@type\":\"PropertyValueSpecification\",\"valueRequired\":true,\"valueName\":\"search_term_string\"}}],\"inLanguage\":\"es\"}]}<\/script>\n<!-- \/ Yoast SEO plugin. -->","yoast_head_json":{"title":"Protector de Maderas - Lusol","robots":{"index":"index","follow":"follow","max-snippet":"max-snippet:-1","max-image-preview":"max-image-preview:large","max-video-preview":"max-video-preview:-1"},"canonical":"https:\/\/lusol.wunapps.com\/index.php\/producto\/protector-de-maderas\/","og_locale":"es_ES","og_type":"article","og_title":"Protector de Maderas - Lusol","og_description":"PROTECTOR DE MADERAS   Protege y realza la belleza natural de la madera  \u00d3ptima resistencia a la intemperie  Uso interior y exterior  Reflecta la radiaci\u00f3n U.V.  Impregnante ideal para el tratamiento de todo tipo de carpinter\u00eda de exterior e interior.\u00a0Recomendado para\u00a0aberturas, cercas, marcos, tiranter\u00eda, muebles, etc. Se utiliza como\u00a0\u00fanico producto. No genera pel\u00edcula, penetra en la madera con acci\u00f3n\u00a0fungicida y bactericida reflejando los rayos UV y evitando la\u00a0decoloraci\u00f3n y rajaduras en la madera.      Rendimiento Secado Acabado   14 a 16m2 (por litro y por mano) 1 hora Repintado a las 3 horas Satinado    Ver ficha t\u00e9cnica  &nbsp;","og_url":"https:\/\/lusol.wunapps.com\/index.php\/producto\/protector-de-maderas\/","og_site_name":"LUSOL Pinturas","article_modified_time":"2023-05-24T22:24:04+00:00","og_image":[{"width":2334,"height":2560,"url":"https:\/\/lusol.wunapps.com\/wp-content\/uploads\/2017\/12\/LUSOL-Protector-de-maderas-scaled.png","type":"image\/png"}],"twitter_card":"summary_large_image","schema":{"@context":"https:\/\/schema.org","@graph":[{"@type":"WebPage","@id":"https:\/\/lusol.wunapps.com\/index.php\/producto\/protector-de-maderas\/","url":"https:\/\/lusol.wunapps.com\/index.php\/producto\/protector-de-maderas\/","name":"Protector de Maderas - Lusol","isPartOf":{"@id":"https:\/\/lusol.wunapps.com\/#website"},"primaryImageOfPage":{"@id":"https:\/\/lusol.wunapps.com\/index.php\/producto\/protector-de-maderas\/#primaryimage"},"image":{"@id":"https:\/\/lusol.wunapps.com\/index.php\/producto\/protector-de-maderas\/#primaryimage"},"thumbnailUrl":"https:\/\/lusol.wunapps.com\/wp-content\/uploads\/2017\/12\/LUSOL-Protector-de-maderas-scaled.png","datePublished":"2017-12-22T02:43:42+00:00","dateModified":"2023-05-24T22:24:04+00:00","breadcrumb":{"@id":"https:\/\/lusol.wunapps.com\/index.php\/producto\/protector-de-maderas\/#breadcrumb"},"inLanguage":"es","potentialAction":[{"@type":"ReadAction","target":["https:\/\/lusol.wunapps.com\/index.php\/producto\/protector-de-maderas\/"]}]},{"@type":"ImageObject","inLanguage":"es","@id":"https:\/\/lusol.wunapps.com\/index.php\/producto\/protector-de-maderas\/#primaryimage","url":"https:\/\/lusol.wunapps.com\/wp-content\/uploads\/2017\/12\/LUSOL-Protector-de-maderas-scaled.png","contentUrl":"https:\/\/lusol.wunapps.com\/wp-content\/uploads\/2017\/12\/LUSOL-Protector-de-maderas-scaled.png","width":2334,"height":2560},{"@type":"BreadcrumbList","@id":"https:\/\/lusol.wunapps.com\/index.php\/producto\/protector-de-maderas\/#breadcrumb","itemListElement":[{"@type":"ListItem","position":1,"name":"Portada","item":"https:\/\/lusol.wunapps.com\/"},{"@type":"ListItem","position":2,"name":"LUSOL Pinturas","item":"https:\/\/lusol.wunapps.com\/"},{"@type":"ListItem","position":3,"name":"Protector de Maderas"}]},{"@type":"WebSite","@id":"https:\/\/lusol.wunapps.com\/#website","url":"https:\/\/lusol.wunapps.com\/","name":"LUSOL Pinturas","description":"","potentialAction":[{"@type":"SearchAction","target":{"@type":"EntryPoint","urlTemplate":"https:\/\/lusol.wunapps.com\/?s={search_term_string}"},"query-input":{"@type":"PropertyValueSpecification","valueRequired":true,"valueName":"search_term_string"}}],"inLanguage":"es"}]}},"_links":{"self":[{"href":"https:\/\/lusol.wunapps.com\/index.php\/wp-json\/wp\/v2\/product\/151","targetHints":{"allow":["GET"]}}],"collection":[{"href":"https:\/\/lusol.wunapps.com\/index.php\/wp-json\/wp\/v2\/product"}],"about":[{"href":"https:\/\/lusol.wunapps.com\/index.php\/wp-json\/wp\/v2\/types\/product"}],"wp:featuredmedia":[{"embeddable":true,"href":"https:\/\/lusol.wunapps.com\/index.php\/wp-json\/wp\/v2\/media\/43"}],"wp:attachment":[{"href":"https:\/\/lusol.wunapps.com\/index.php\/wp-json\/wp\/v2\/media?parent=151"}],"wp:term":[{"taxonomy":"product_brand","embeddable":true,"href":"https:\/\/lusol.wunapps.com\/index.php\/wp-json\/wp\/v2\/product_brand?post=151"},{"taxonomy":"product_cat","embeddable":true,"href":"https:\/\/lusol.wunapps.com\/index.php\/wp-json\/wp\/v2\/product_cat?post=151"},{"taxonomy":"product_tag","embeddable":true,"href":"https:\/\/lusol.wunapps.com\/index.php\/wp-json\/wp\/v2\/product_tag?post=151"}],"curies":[{"name":"wp","href":"https:\/\/api.w.org\/{rel}","templated":true}]}}